
52
What is the greatest common divisor of 169608 and 8856288?
4584
Calculate the greatest common factor of 466298 and 35758.
38
Calculate the highest common factor of 19448 and 2830568.
1768
Calculate the highest common divisor of 740 and 277506956.
148
What is the greatest common factor of 8007 and 1186606?
157
Calculate the highest common divisor of 13809772 and 14472.
268
What is the greatest common divisor of 4141827 and 72?
9
Calculate the highest common factor of 20949755 and 5.
5
What is the greatest common divisor of 21437 and 14065194?
1261
What is the highest common divisor of 2992 and 6733360?
272
What is the greatest common factor of 14127701 and 11949?
3983
Calculate the highest common divisor of 26220418 and 969.
19
What is the greatest common factor of 4572 and 30734?
254
What is the highest common divisor of 83400 and 235160?
40
What is the greatest common factor of 47732860 and 265?
265
What is the highest common divisor of 136496556 and 63?
63
Calculate the highest common divisor of 42397583 and 2389.
2389
What is the highest common factor of 1003920 and 131280?
240
What is the greatest common divisor of 3423568 and 208?
16
What is the greatest common factor of 7014 and 1061619?
501
Calculate the greatest common divisor of 6647 and 60191.
23
What is the highest common factor of 108 and 16635546?
18
Calculate the greatest common factor of 154 and 152341938.
14
What is the greatest common divisor of 40418060 and 73580?
5660
What is the greatest common factor of 1131310314 and 1458?
1458
Calculate the greatest common divisor of 48429068 and 620.
124
What is the highest common factor of 240 and 605900?
20
Calculate the greatest common divisor of 68671 and 76669.
43
Calculate the highest common factor of 1769 and 3401543.
61
Calculate the highest common factor of 4394 and 37921.
13
Calculate the highest common factor of 1735392 and 1608.
24
Calculate the greatest common factor of 345 and 3471015.
15
What is the greatest common factor of 1094754 and 14352?
138
Calculate the greatest common factor of 23595487 and 1.
1
What is the greatest common divisor of 26125 and 3141270?
1045
Calculate the highest common factor of 8351870 and 2213670.
6530
What is the greatest common factor of 768 and 4202352?
48
What is the greatest common divisor of 738594 and 558?
18
What is the greatest common factor of 15 and 8058225?
15
Calculate the greatest common divisor of 325 and 3712995.
65
What is the highest common divisor of 390 and 395265?
195
What is the greatest common divisor of 17840 and 30066644?
892
Calculate the greatest common divisor of 179195 and 56435.
5
Calculate the greatest common factor of 1114800 and 33200.
400
Calculate the highest common factor of 2745600 and 1838100.
3300
What is the greatest common divisor of 52928676 and 36?
36
What is the greatest common divisor of 2465 and 3639348185?
2465
What is the greatest common factor of 45647 and 63?
7
Calculate the greatest common divisor of 26605 and 123505.
85
Calculate the greatest common divisor of 116 and 53080121.
29
Calculate the greatest common divisor of 580 and 34191290.
290
What is the highest common divisor of 8 and 13958786?
2
Calculate the greatest common divisor of 7528106 and 4.
2
Calculate the highest common divisor of 6975 and 15677847.
279
Calculate the highest common divisor of 4680 and 1499607720.
4680
What is the highest common divisor of 296894468 and 1352?
676
What is the highest common factor of 89224 and 200792?
152
What is the highest common divisor of 20048 and 43456?
112
What is the highest common divisor of 68982 and 564?
6
Calculate the greatest common divisor of 3984588 and 8154.
2718
What is the highest common divisor of 30805481 and 1869?
623
What is the greatest common divisor of 78 and 32432478?
78
What is the highest common divisor of 51168 and 5056584?
312
Calculate the greatest common factor of 2268156 and 11352.
132
What is the greatest common divisor of 149 and 6609?
1
Calculate the highest common factor of 5025622 and 434.
14
Calculate the greatest common factor of 172042 and 16978.
26
Calculate the greatest common factor of 682860 and 30780.
1140
Calculate the highest common divisor of 762303 and 3399.
309
Calculate the highest common divisor of 530 and 183048220.
530
What is the greatest common divisor of 10 and 24799130?
10
Calculate the greatest common factor of 1836 and 2803113.
459
Calculate the greatest common factor of 24306958 and 52.
26
What is the greatest common factor of 44478 and 724671?
9
What is the highest common factor of 284845 and 1144?
11
Calculate the highest common factor of 99640 and 171720.
2120
Calculate the greatest common divisor of 44135811 and 108.
9
What is the highest common factor of 299 and 76637587?
299
What is the highest common divisor of 37853072 and 2064?
688
What is the greatest common divisor of 1725 and 345897?
69
Calculate the greatest common divisor of 7960420 and 14365.
1105
What is the highest common divisor of 168 and 4702344?
24
Calculate the greatest common factor of 379111 and 457619.
1033
Calculate the highest common factor of 286006 and 487660.
1318
What is the greatest common factor of 366 and 44425263?
183
Calculate the highest common factor of 1499819071 and 10411.
10411
Calculate the greatest common divisor of 122264 and 2496552.
3944
Calculate the greatest common divisor of 37628312 and 116.
116
Calculate the greatest common factor of 5 and 9531895.
5
Calculate the highest common factor of 4132777116 and 94.
94
Calculate the greatest common divisor of 21 and 179228118.
3
What is the highest common divisor of 14391 and 741846456?
4797
Calculate the greatest common divisor of 636406 and 30.
2
What is the highest common factor of 25048 and 4769624?
808
What is the greatest common divisor of 230919 and 255138?
39
What is the greatest common divisor of 165 and 26187370?
55
Calculate the highest common divisor of 22534379 and 1148.
287
Calculate the greatest common factor of 157339077 and 22764.
5691
What is the greatest common divisor of 28 and 66038680?
4
What is the greatest common divisor of 5661 and 208233?
153
What is the greatest common factor of 4689 and 33724851?
1563
Calculate the highest common factor of 78990 and 6540.
30
What is the highest common divisor of 1415724 and 204?
12
Calculate the highest common factor of 2316 and 4645872.
12
What is the highest common divisor of 13716 and 571752?
108
What is the greatest common divisor of 18722 and 3751576?
46
What is the highest common divisor of 1002 and 14589454?
334
Calculate the greatest common factor of 578 and 8217766.
34
What is the greatest common divisor of 11552 and 1131374?
722
Calculate the greatest common divisor of 809072 and 1507.
11
What is the highest common divisor of 54 and 21280338?
18
Calculate the greatest common factor of 4161377 and 181302.
451
What is the greatest common factor of 1650 and 2811930?
330
Calculate the greatest common factor of 5360 and 644480.
80
What is the highest common factor of 231300220 and 2864?
716
What is the greatest common divisor of 605 and 94358605?
55
What is the greatest common factor of 49585175 and 17340?
1445
Calculate the highest common divisor of 2344 and 529122254.
586
Calculate the greatest common factor of 22253 and 290213.
77
Calculate the highest common factor of 17297 and 5562221.
2471
What is the highest common divisor of 2653 and 218988?
7
Calculate the highest common factor of 32402 and 1505146.
34
What is the greatest common divisor of 516 and 13422108?
12
Calculate the highest common factor of 1410 and 1785.
15
Calculate the highest common divisor of 67735636 and 332.
332
What is the highest common factor of 1321200 and 2812688?
5872
What is the highest common factor of 773175 and 225?
75
What is the highest common factor of 2 and 10228334?
2
What is the greatest common divisor of 992 and 1529912?
248
Calculate the greatest common divisor of 5002984 and 26527.
41
What is the greatest common factor of 4289598 and 243?
81
Calculate the greatest common divisor of 304 and 45096152.
8
Calculate the greatest common divisor of 4817830 and 190.
190
What is the highest common divisor of 12939001 and 774?
43
What is the highest common factor of 327 and 5794004?
109
W